{"id":69,"date":"2023-08-18T16:11:16","date_gmt":"2023-08-18T16:11:16","guid":{"rendered":"https:\/\/paksoylojistikbeton.com.tr\/?page_id=69"},"modified":"2023-08-20T08:52:13","modified_gmt":"2023-08-20T08:52:13","slug":"ucucu-kul","status":"publish","type":"page","link":"https:\/\/paksoylojistikbeton.com.tr\/?page_id=69","title":{"rendered":"U\u00e7ucu K\u00fcl"},"content":{"rendered":"<table border=\"0\" width=\"659\">\n<tbody>\n<tr>\n<td width=\"400\"><b>U\u00e7ucu K\u00fcl Nedir?<\/b><br \/>\nU\u00e7ucu k\u00fcl, ince taneli mineral katk\u0131lardan biridir. Peki ince taneli mineral katk\u0131 nedir? \u0130nce taneli mineral katk\u0131 maddeleri, beton \u00fcretiminde kullan\u0131lan temel malzemelerle (\u00e7imento, agrega ve suyun) beraber kar\u0131larak beton kar\u0131\u015f\u0131m\u0131na dahil edilir. Bunlar\u0131n kullan\u0131ld\u0131klar\u0131 oran, genellikle, beton kar\u0131\u015f\u0131m\u0131nda yer alan \u00e7imento miktar\u0131n\u0131n %10-%50\u2019si kadard\u0131r. \u0130nce taneli mineral katk\u0131lar, kullan\u0131lan malzemenin tipine ve oran\u0131na ba\u011fl\u0131 olarak, taze ve sertle\u015fmi\u015f betonun bir\u00e7ok \u00f6zelli\u011fini etkiler. Bu ince taneli mineral katk\u0131lardan en yayg\u0131n kullan\u0131lanlar\u0131ndan biri ise u\u00e7ucu k\u00fcld\u00fcr.<\/td>\n<td width=\"249\"><img loading=\"lazy\" decoding=\"async\" class=\"size-medium wp-image-148 aligncenter\" src=\"https:\/\/paksoylojistikbeton.com.tr\/wp-content\/uploads\/2023\/08\/Fly-ash-300x225.jpg\" alt=\"\" width=\"300\" height=\"225\" srcset=\"https:\/\/paksoylojistikbeton.com.tr\/wp-content\/uploads\/2023\/08\/Fly-ash-300x225.jpg 300w, https:\/\/paksoylojistikbeton.com.tr\/wp-content\/uploads\/2023\/08\/Fly-ash.jpg 600w\" sizes=\"(max-width: 300px) 100vw, 300px\" \/><\/td>\n<\/tr>\n<tr>\n<td><b>\u00c7imentoda U\u00e7ucu K\u00fcl Neye Yarar?<\/b><br \/>\nElektrik enerjisi \u00fcretimi i\u00e7in, termik santrallerin \u00e7o\u011funda yak\u0131t olarak pulverize k\u00f6m\u00fcr kullan\u0131l\u0131r. Pulverize k\u00f6m\u00fcr\u00fcn yanmas\u0131yla b\u00fcy\u00fck miktar\u0131 \u00e7ok ince olan, bir miktar\u0131 da nispeten biraz daha iri boyutlara sahip k\u00fcl tanecikleri ortaya \u00e7\u0131kar. Nispeten a\u011f\u0131r olan iri k\u00fcl tanecikleri taban k\u00fcl\u00fc olarak oca\u011f\u0131n taban\u0131na d\u00fc\u015fer. \u00c7ok ince tanelere sahip olan k\u00fcller, yak\u0131t gazlar\u0131yla beraber \u201cu\u00e7arak\u201d bacadan d\u0131\u015far\u0131 \u00e7\u0131kmak \u00fczere hareket eder. Bu k\u00fcllere \u201cu\u00e7ucu k\u00fcl\u201d denilir.<br \/>\nGazlarla birlikte k\u00fcl\u00fcn d\u0131\u015far\u0131 \u00e7\u0131kmas\u0131 durumunda, termik santralin \u00e7evresi k\u0131sa s\u00fcrede k\u00fcllerle kaplanaca\u011f\u0131ndan, bacadan d\u0131\u015far\u0131ya \u00e7\u0131kacak k\u00fcller elektrostatik veya elektromekanik y\u00f6ntemler vas\u0131tas\u0131yla tutulur ve k\u00fcl toplay\u0131c\u0131 silolara kanalize edilir.<br \/>\nSilisli ve al\u00fcminli amorf yap\u0131ya sahip olduklar\u0131 ve \u00e7ok ince taneli olarak elde edildikleri i\u00e7in, u\u00e7ucu k\u00fcller puzolanik \u00f6zellik g\u00f6sterir. \u00c7imentonun hidratasyon \u00fcr\u00fcn\u00fc kalsiyum hidroksitle sulu ortamda birle\u015ftiklerinde, hidrolik ba\u011flay\u0131c\u0131l\u0131\u011fa sahip olur.<br \/>\nO nedenle, hem portland-puzolan tipi \u00e7imento \u00fcretiminde, hem de beton katk\u0131 maddesi olarak do\u011frudan kullan\u0131l\u0131r. Genellikle, beton katk\u0131 maddesi olarak \u00e7ok b\u00fcy\u00fck miktarda kullan\u0131labilir. Beton kar\u0131\u015f\u0131m\u0131n\u0131n i\u00e7erisinde yer alan u\u00e7ucu k\u00fcl miktar\u0131, \u00e7imento a\u011f\u0131rl\u0131\u011f\u0131n\u0131n %15-%50\u2019si civar\u0131nda de\u011fi\u015fir. U\u00e7ucu k\u00fcl\u00fcn \u00e7imento \u00fcretiminde kullan\u0131lmas\u0131 ile;<\/p>\n<ul>\n<li>Daha az klinker kullan\u0131m\u0131,<\/li>\n<li>Sera gaz\u0131 emisyon sal\u0131n\u0131m\u0131n\u0131n azalmas\u0131,<\/li>\n<li>Enerji t\u00fcketimin azalmas\u0131,<\/li>\n<li>At\u0131k kullan\u0131m\u0131 sayesinde do\u011fan\u0131n daha az kirlenmesi gibi faydalar sa\u011flan\u0131r.<\/li>\n<\/ul>\n<\/td>\n<td><img loading=\"lazy\" decoding=\"async\" class=\"size-medium wp-image-149 aligncenter\" src=\"https:\/\/paksoylojistikbeton.com.tr\/wp-content\/uploads\/2023\/08\/WCSJlhq-e1617042969894-300x196.jpg\" alt=\"\" width=\"300\" height=\"196\" srcset=\"https:\/\/paksoylojistikbeton.com.tr\/wp-content\/uploads\/2023\/08\/WCSJlhq-e1617042969894-300x196.jpg 300w, https:\/\/paksoylojistikbeton.com.tr\/wp-content\/uploads\/2023\/08\/WCSJlhq-e1617042969894-1024x670.jpg 1024w, https:\/\/paksoylojistikbeton.com.tr\/wp-content\/uploads\/2023\/08\/WCSJlhq-e1617042969894-768x503.jpg 768w, https:\/\/paksoylojistikbeton.com.tr\/wp-content\/uploads\/2023\/08\/WCSJlhq-e1617042969894.jpg 1280w\" sizes=\"(max-width: 300px) 100vw, 300px\" \/><\/td>\n<\/tr>\n<tr>\n<td><b>Neden U\u00e7ucu K\u00fcl Kullan\u0131lmal\u0131d\u0131r?<\/b><br \/>\nU\u00e7ucu k\u00fcl kullan\u0131m\u0131, betonda y\u00fcksek dayan\u0131kl\u0131l\u0131k, d\u00fc\u015f\u00fck hidratasyon is\u0131s\u0131 ve y\u00fcksek nihai mukavemet de\u011ferleri sa\u011flar. Beton performans\u0131n\u0131 iyile\u015ftirmesinin yan\u0131 s\u0131ra \u00e7evresel faydalar\u0131 da bulunmaktad\u0131r. \u00c7imento klinkerinin daha az kullan\u0131lmas\u0131n\u0131 ve dolay\u0131s\u0131yla, daha az sera gaz\u0131 emisyonu sal\u0131n\u0131m\u0131, daha az enerji t\u00fcketimini sa\u011flar. Termik santrali at\u0131\u011f\u0131n\u0131n kullan\u0131m\u0131 olarak da do\u011fan\u0131n daha az kirlenmesini sa\u011flar.<\/td>\n<td><img loading=\"lazy\" decoding=\"async\" class=\"size-medium wp-image-150 aligncenter\" src=\"https:\/\/paksoylojistikbeton.com.tr\/wp-content\/uploads\/2023\/08\/76384534-300x195.jpg\" alt=\"\" width=\"300\" height=\"195\" srcset=\"https:\/\/paksoylojistikbeton.com.tr\/wp-content\/uploads\/2023\/08\/76384534-300x195.jpg 300w, https:\/\/paksoylojistikbeton.com.tr\/wp-content\/uploads\/2023\/08\/76384534.jpg 768w\" sizes=\"(max-width: 300px) 100vw, 300px\" \/><\/td>\n<\/tr>\n<tr>\n<td><b>U\u00e7ucu K\u00fcl\u00fcn Beton \u00d6zelliklerine Etkisi Nedir?<\/b><br \/>\nBetonda katk\u0131 maddesi olarak kullan\u0131lan u\u00e7ucu k\u00fcl\u00fcn beton \u00f6zelliklerine etkilerini a\u015fa\u011f\u0131daki gibi s\u0131ralayabiliriz:<br \/>\n<b>Olumlu Etkileri:<\/b><\/p>\n<ul>\n<li>Taze betonda i\u015flenebilmeyi art\u0131r\u0131r.<\/li>\n<li>Taze betonda terlemeyi azalt\u0131r.<\/li>\n<li>Beton hidratasyon \u0131s\u0131s\u0131n\u0131 ve termal \u00e7atlak olu\u015fumunu azalt\u0131r.<\/li>\n<li>Nihai dayan\u0131m\u0131 olduk\u00e7a y\u00fckseltir.<\/li>\n<li>Sertle\u015fmi\u015f betonun su ge\u00e7irimlili\u011fini azalt\u0131r.<\/li>\n<li>Betonun olumsuz etkilere kar\u015f\u0131 dayan\u0131kl\u0131l\u0131\u011f\u0131n\u0131 artt\u0131r\u0131r.<\/li>\n<li>\u00c7imento hidratasyon \u00fcr\u00fcn\u00fc kalsiyum hidroksit ile reaksiyona girerek \u00e7i\u00e7eklenmeyi \u00f6nler.<\/li>\n<li>Sertle\u015fmi\u015f betonun s\u00fclfatlara dayan\u0131kl\u0131l\u0131\u011f\u0131n\u0131 art\u0131r\u0131r.<\/li>\n<li>Alkali-silika reaksiyonu olu\u015fum potansiyelini d\u00fc\u015f\u00fcr\u00fcr.<\/li>\n<li>Ekonomiklik sa\u011flar.<\/li>\n<\/ul>\n<\/td>\n<td><img loading=\"lazy\" decoding=\"async\" class=\"size-full wp-image-151 aligncenter\" src=\"https:\/\/paksoylojistikbeton.com.tr\/wp-content\/uploads\/2023\/08\/what-is-concrete-265x198-1.jpg\" alt=\"\" width=\"265\" height=\"198\" \/><\/td>\n<\/tr>\n<\/tbody>\n<\/table>\n","protected":false},"excerpt":{"rendered":"<p>U\u00e7ucu K\u00fcl Nedir? U\u00e7ucu k\u00fcl, ince taneli mineral katk\u0131lardan biridir. Peki ince taneli mineral katk\u0131 nedir? \u0130nce taneli mineral katk\u0131 maddeleri, beton \u00fcretiminde kullan\u0131lan temel malzemelerle (\u00e7imento, agrega ve suyun) beraber kar\u0131larak beton kar\u0131\u015f\u0131m\u0131na dahil edilir. Bunlar\u0131n kullan\u0131ld\u0131klar\u0131 oran, genellikle, beton kar\u0131\u015f\u0131m\u0131nda yer alan \u00e7imento miktar\u0131n\u0131n %10-%50\u2019si kadard\u0131r. \u0130nce taneli mineral katk\u0131lar, kullan\u0131lan malzemenin tipine<a class=\"moretag\" href=\"https:\/\/paksoylojistikbeton.com.tr\/?page_id=69\"><span class=\"screen-reader-text\">Read more about U\u00e7ucu K\u00fcl<\/span>[&#8230;]<\/a><\/p>\n","protected":false},"author":1,"featured_media":0,"parent":0,"menu_order":0,"comment_status":"closed","ping_status":"closed","template":"","meta":{"footnotes":""},"_links":{"self":[{"href":"https:\/\/paksoylojistikbeton.com.tr\/index.php?rest_route=\/wp\/v2\/pages\/69"}],"collection":[{"href":"https:\/\/paksoylojistikbeton.com.tr\/index.php?rest_route=\/wp\/v2\/pages"}],"about":[{"href":"https:\/\/paksoylojistikbeton.com.tr\/index.php?rest_route=\/wp\/v2\/types\/page"}],"author":[{"embeddable":true,"href":"https:\/\/paksoylojistikbeton.com.tr\/index.php?rest_route=\/wp\/v2\/users\/1"}],"replies":[{"embeddable":true,"href":"https:\/\/paksoylojistikbeton.com.tr\/index.php?rest_route=%2Fwp%2Fv2%2Fcomments&post=69"}],"version-history":[{"count":5,"href":"https:\/\/paksoylojistikbeton.com.tr\/index.php?rest_route=\/wp\/v2\/pages\/69\/revisions"}],"predecessor-version":[{"id":152,"href":"https:\/\/paksoylojistikbeton.com.tr\/index.php?rest_route=\/wp\/v2\/pages\/69\/revisions\/152"}],"wp:attachment":[{"href":"https:\/\/paksoylojistikbeton.com.tr\/index.php?rest_route=%2Fwp%2Fv2%2Fmedia&parent=69"}],"curies":[{"name":"wp","href":"https:\/\/api.w.org\/{rel}","templated":true}]}}